9 a prime number?
False
Is 59254457 a prime number?
True
Is 9851549 composite?
True
Is 129051341 prime?
True
Is 10479589 prime?
False
Is 4946869 prime?
False
Is 2297797 a prime number?
True
Is 56942591 a composite number?
False
Is 182910989 a composite number?
False
Is 33685487 prime?
False
Is 193766341 prime?
True
Is 1438159 composite?
False
Is 7605595 composite?
True
Is 52551113 a composite number?
True
Is 165869363 prime?
False
Is 11322133 composite?
True
Is 124633 a composite number?
False
Is 6185407 a composite number?
False
Is 77058551 prime?
True
Is 10277185 prime?
False
Is 131120831 a prime number?
True
Is 5052469 composite?
False
Is 128249827 prime?
True
Is 523331 composite?
True
Is 51291083 prime?
True
Is 251857 composite?
False
Is 167835487 a prime number?
True
Is 7403111 prime?
False
Is 21604369 a prime number?
True
Is 7013417 composite?
True
Is 64370263 prime?
True
Is 5368633 composite?
False
Is 14083477 composite?
True
Is 367079 composite?
True
Is 1238711 composite?
True
Is 3477899 a composite number?
True
Is 51215491 a prime number?
False
Is 4124911 a composite number?
True
Is 722147 a prime number?
True
Is 41116811 prime?
False
Is 10783319 a prime number?
False
Is 391761463 prime?
True
Is 3892711 a composite number?
True
Is 1717553 prime?
True
Is 120343 prime?
False
Is 8981953 a prime number?
False
Is 56198543 prime?
False
Is 9302197 a prime number?
True
Is 589687651 prime?
False
Is 9196049 prime?
True
Is 84635857 a prime number?
True
Is 349123 prime?
False
Is 27421099 a composite number?
False
Is 21089881 prime?
True
Is 406504173 composite?
True
Is 478063 a prime number?
True
Is 343891237 composite?
False
Is 296911 a composite number?
False
Is 59430517 composite?
True
Is 708823 prime?
True
Is 134741 a prime number?
True
Is 13930229 a prime number?
True
Is 42337093 composite?
True
Is 2217203 a composite number?
True
Is 27689177 a composite number?
False
Is 3939107 composite?
True
Is 3470659 a composite number?
True
Is 985015 a composite number?
True
Is 74794961 prime?
True
Is 8908271 composite?
False
Is 267683903 a prime number?
True
Is 677561 a prime number?
True
Is 226020009 a composite number?
True
Is 2833171 composite?
True
Is 167148419 a composite number?
True
Is 780073 a composite number?
True
Is 914201 a prime number?
False
Is 111793457 a composite number?
False
Is 4521403 a composite number?
False
Is 328515703 a composite number?
True
Is 32419043 a composite number?
False
Is 3425243 composite?
False
Is 672584381 composite?
True
Is 1107349 a prime number?
False
Is 4500089 a prime number?
False
Is 1169627 composite?
False
Is 52368881 a prime number?
False
Is 12264913 a composite number?
False
Is 91648387 a prime number?
True
Is 3445467 prime?
False
Is 176173769 a composite number?
True
Is 100343 composite?
False
Is 868159 a prime number?
False
Is 3743165 a prime number?
False
Is 1357091 composite?
False
Is 193282633 prime?
True
Is 118878778 a composite number?
True
Is 27227159 prime?
True
Is 8216071 prime?
False
Is 204498859 a prime number?
True
Is 3052117 composite?
False
Is 694853 a composite number?
True
Is 1071473 composite?
True
Is 65701469 prime?
True
Is 266971799 composite?
False
Is 27822331 a prime number?
True
Is 18290053 composite?
False
Is 2411218 a prime number?
False
Is 9432089 a prime number?
False
Is 14073097 composite?
False
Is 6826613 a composite number?
True
Is 1437857 prime?
False
Is 6105767 composite?
False
Is 529369 a prime number?
False
Is 293791 a composite number?
False
Is 156298951 prime?
False
Is 832277 prime?
False
Is 44748579 a prime number?
False
Is 2308829 composite?
True
Is 2802911 composite?
False
Is 111437 a prime number?
False
Is 10536709 a prime number?
True
Is 103175801 composite?
False
Is 66029 composite?
False
Is 15469651 composite?
True
Is 2477407 a composite number?
False
Is 43583915 composite?
True
Is 194149 a composite number?
False
Is 10800805 prime?
False
Is 14445895 a prime number?
False
Is 12486259 composite?
True
Is 50631299 prime?
False
Is 30357713 composite?
False
Is 921689 composite?
True
Is 512663 a composite number?
False
Is 6168493 a prime number?
False
Is 623669 composite?
False
Is 39722401 a prime number?
False
Is 1119481 a prime number?
False
Is 3609605 composite?
True
Is 5473109 composite?
False
Is 11777347 a prime number?
False
Is 4923883 prime?
True
Is 32740377 prime?
False
Is 7353251 composite?
False
Is 121905803 composite?
False
Is 458625683 a prime number?
False
Is 1379646589 a composite number?
False
Is 3760693 prime?
True
Is 33146 prime?
False
Is 144617 composite?
True
Is 14980271 a prime number?
True
Is 10826597 composite?
True
Is 266198899 prime?
True
Is 16963179 a prime number?
False
Is 61129595 composite?
True
Is 104209783 composite?
True
Is 113795999 a prime number?
True
Is 138033641 a composite number?
False
Is 4716869 prime?
True
Is 118737287 a prime number?
True
Is 53786471 composite?
True
Is 449306929 a composite number?
False
Is 2778647 a composite number?
False
Is 2532458 prime?
False
Is 18777469 a composite number?
True
Is 78708037 prime?
False
Is 4078231 a prime number?
True
Is 3883651 a composite number?
True
Is 40240753 a composite number?
True
Is 2076391 a prime number?
True
Is 148487 a prime number?
False
Is 2539289 a prime number?
True
Is 95075899 composite?
False
Is 9403399 prime?
False
Is 14532931 composite?
True
Is 48621503 a composite number?
True
Is 17359307 a prime number?
False
Is 103810777 composite?
True
Is 45562003 a composite number?
False
Is 1019978939 a prime number?
False
Is 8321377 a composite number?
True
Is 69255731 composite?
True
Is 51870521 a prime number?
False
Is 828371 a composite number?
False
Is 2624554 a prime number?
False
Is 14568599 composite?
False
Is 7604633 composite?
True
Is 484956337 prime?
False
Is 17012419 prime?
False
Is 2867351 a prime number?
True
Is 12629453 composite?
True
Is 18274063 composite?
False
Is 15780509 a prime number?
True
Is 6360571 a prime number?
False
Is 964093667 a composite number?
False
Is 62758 composite?
True
Is 5161609 composite?
False
Is 9251607 a prime number?
False
Is 129438877 a prime number?
False
Is 33158297 prime?
False
Is 1793893 prime?
False
Is 1581931 a composite number?
True
Is 1190921 a prime number?
False
Is 2808691 prime?
False
Is 167940313 composite?
False
Is 1113941 composite?
False
Is 21685133 a prime number?
True
Is 18575563 a composite number?
False
Is 8108237 composite?
False
Is 1983091 composite?
True
Is 18742819 a prime number?
True
Is 51180067 a prime number?
True
Is 443171017 a prime number?
True
Is 38499637 a prime number?
False
Is 78001541 prime?
True
Is 3794459 prime?
True
Is 339197 a prime number?
False
Is 331327 a prime number?
False
Is 194964443 prime?
False
Is 35374271 composite?
False
Is 56871559 a prime number?
True
Is 23864429 a prime number?
False
Is 4198999 a composite number?
True
Is 110142629 a prime number?
False
Is 144363781 composite?
False
Is 1552407 composite?
True
Is 157445261 composite?
False
Is 46361519 composite?
False
Is 5998711 a composite number?
True
Is 30128299 prime?
True
Is 9810413 a composite number?
False
Is 653104741 prime?
False
Is 2214991 composite?
True
Is 21687355 prime?
False
Is 17245231 composite?
True
Is 49128311 a prime number?
True
Is 32664371 prime?
False
Is 4320059 a composite number?
False
Is 66160327 prime?
True
Is 10068085 prime?
False
Is 15327745 a prime number?
False
Is 191355559 a prime number?
False
Is 898147 a composite number?
False
Is 96936809 prime?
False
Is 29860613 composite?
False
Is 15471623 a prime number?
True
Is 905357 composite?
True
Is 21625013 prime?
False
Is 336203419 a prime number?
True
Is 59461 a composite number?
True
Is 2876201 a composite number?
True
Is 7072271 a prime number?
False
Is 441941 a composite number?
True
Is 630452639 composite?
False
Is 6375539 a composite number?
False
Is 97774539 composite?
True
Is 40669067 a prime number?
False
Is 6974329 a prime number?
True
Is 29804639 prime?
True
Is 176814511 composite?
False
Is 516128831 a composite number?
False
Is 11619907 a composite number?
True
Is 2742907 a composite number?
True
Is 30342329 composite?
False
Is 213752093 a prime number?
True
Is 44987623 prime?
True
Is 35173 prime?
False
Is 3001837 a composite number?
False